101011
In base 2, what is 11001110001110 + -11100110000000?
-10111110010
In base 14, what is 3 - -962b95?
962b98
In base 12, what is -1b8 + -18b08?
-19104
In base 4, what is -2301133230 + -13023?
-2301212313
In base 9, what is -58531 + -343?
-58874
In base 7, what is -5 - -510050200?
510050162
In base 3, what is 112012002 - 12000211?
100011021
In base 16, what is -82c - -1855?
1029
In base 6, what is 213301 - -103245?
320550
In base 13, what is 1910b - 134?
18ca7
In base 15, what is 3e + -1c974?
-1c935
In base 10, what is 4 + -23618296?
-23618292
In base 7, what is -40535 - 12412?
-53250
In base 16, what is -13 - 33b6d9?
-33b6ec
In base 9, what is 5 + -14161272?
-14161266
In base 16, what is -12c9045 - -2?
-12c9043
In base 11, what is -38725 - -241?
-38494
In base 13, what is a31b3 - 641?
a2872
In base 8, what is 1021 + -30051?
-27030
In base 12, what is 4a653 - 4a6?
4a169
In base 4, what is -3103220311 - 13?
-3103220330
In base 2, what is 100 + -1111011011100000?
-1111011011011100
In base 6, what is -2034 - 3404040?
-3410114
In base 12, what is 83 - -28873?
28936
In base 6, what is -13302124 - 35?
-13302203
In base 11, what is -14 + 53412?
533a9
In base 15, what is 103d + 21c6?
3214
In base 4, what is 322 - -122331132?
122332120
In base 5, what is 1034203411 + -14?
1034203342
In base 5, what is 20 - 222320141?
-222320121
In base 8, what is 17303247 + 205?
17303454
In base 6, what is -5 + 24000300?
24000251
In base 15, what is -9040c1 - -37?
-904089
In base 6, what is -2 - 114322255?
-114322301
In base 4, what is -11000003003 + -122?
-11000003131
In base 4, what is 211011302 - -1312020?
212323322
In base 10, what is 29280486 + -5?
29280481
In base 3, what is 10102 - -2021211021?
2021221200
In base 15, what is 53a6 - -22?
53c8
In base 4, what is -1 + -320210333203?
-320210333210
In base 4, what is -131 + 1302132211?
1302132020
In base 7, what is 3 + 250445153?
250445156
In base 11, what is 13782735 - -4?
13782739
In base 13, what is bb98 + -42bc?
78a9
In base 11, what is 2829 - -7a1?
351a
In base 7, what is -4 - 654114?
-654121
In base 11, what is 1264a - 897a?
4780
In base 6, what is 30 + 1502121?
1502151
In base 2, what is 101000101010 - -10011010111001011?
10011111111110101
In base 6, what is -3111 - -1040433?
1033322
In base 7, what is 2 + -32263216?
-32263214
In base 5, what is -11032112444 + -12?
-11032113011
In base 11, what is 14620344 - 3a?
14620305
In base 4, what is -10 + 1200333331122?
1200333331112
In base 11, what is 1831 - -4856?
6587
In base 16, what is c8f - -b6?
d45
In base 2, what is -101 + -10110000001110100010?
-10110000001110100111
In base 10, what is -5 - -901325?
901320
In base 8, what is -105656 + 6612?
-77044
In base 10, what is 4 - 8869683?
-8869679
In base 9, what is 18 + 127541?
127560
In base 3, what is 10 + -1110211011200122?
-1110211011200112
In base 10, what is 496503 - -48?
496551
In base 15, what is -48d - 24cd?
-296b
In base 12, what is a1770 - -b56?
a2706
In base 2, what is 100011100110101001101011 + 0?
100011100110101001101011
In base 12, what is -7 - 1009823?
-100982a
In base 9, what is 342470186 - 2?
342470184
In base 8, what is 357626470 + 4?
357626474
In base 13, what is 2843c7169 - 2?
2843c7167
In base 2, what is -100011101110101100 + 110000?
-100011101101111100
In base 11, what is 296 + -2158a9?
-215613
In base 14, what is -2ba + 440b3?
43bd7
In base 7, what is -352130 - -136?
-351661
In base 3, what is 1122 - -1202112220000?
1202112221122
In base 12, what is 4a383b - -703?
4a4342
In base 8, what is 21 - 10633302?
-10633261
In base 6, what is -15013033235 - -4?
-15013033231
In base 13, what is 510b48 - 5?
510b43
In base 9, what is 0 + -8820547?
-8820547
In base 3, what is 121001002022212 - -12?
121001002100001
In base 8, what is 32002 - -127322?
161324
In base 10, what is 10579 - -3253?
13832
In base 4, what is 13 + 12122030122?
12122030201
In base 4, what is -32113321221211 - 1?
-32113321221212
In base 3, what is -110212200 + 22000?
-110120200
In base 6, what is -5 + 15055254?
15055245
In base 11, what is 31240 - -19?
31259
In base 16, what is e81a + -bb?
e75f
In base 5, what is -24444 - -421402?
341403
In base 3, what is 1002202210222 - -11001?
1002202222000
In base 8, what is -2 + -30103622?
-30103624
In base 10, what is 28 - -35656635?
35656663
In base 13, what is -10a34c532 + -3?
-10a34c535
In base 6, what is 12435005023 + 3?
12435005030
In base 5, what is 4 + 120204322320?
120204322324
In base 5, what is 10 - 11123210200?
-11123210140
In base 13, what is -1 - 65ba8?
-65ba9
In base 14, what is 17 + -b1452?
-b1439
In base 15, what is -648a - -16?
-6474
In base 4, what is 22301232303323 + 3?
22301232303332
In base 7, what is 5512326 + -10?
5512316
In base 3, what is -221200 + 101112201201?
101111210001
In base 6, what is -131130144 + 5?
-131130135
In base 13, what is -276126 - 6?
-27612c
In base 9, what is -1 + -878521187?
-878521188
In base 12, what is -4 - -7540a3?
75409b
In base 15, what is -6d59 - -9d86?
302c
In base 10, what is -402899 + -1406?
-404305
In base 14, what is 21451c + -14?
214508
In base 6, what is 0 + -52454002?
-52454002
In base 3, what is 100022022 + -2222102?
20022220
In base 14, what is -75447 - 479?
-758c2
In base 15, what is -123b1 - b13?
-12ec4
In base 13, what is 917a - -1a55?
ac02
In base 16, what is -10 - 7d86f?
-7d87f
In base 7, what is 5366333 + -52?
5366251
In base 6, what is 1125453 - -34020?
1203513
In base 4, what is 102122132101 + 120?
102122132221
In base 14, what is 2b02b47 + 3?
2b02b4a
In base 2, what is 11011100011101001 - 110110100?
11011011100110101
In base 2, what is 110000101011001000011100110110 - 100?
110000101011001000011100110010
In base 3, what is 211 + 2100101201221?
2100101202202
In base 16, what is -3 + 189d82e?
189d82b
In base 12, what is -3072 + 939b?
6329
In base 16, what is 8f78f88 + 7?
8f78f8f
In base 3, what is 0 - 20021111002002?
-20021111002002
In base 14, what is 1c + 1d587c9?
1d58807
In base 3, what is -221021211122001 + -10?
-221021211122011
In base 2, what is 10011000111000 - 1000110100110?
1010010010010
In base 16, what is -6af1c9 + -40?
-6af209
In base 7, what is -33544562 + -220?
-33545112
In base 8, what is 161626430 + 4?
161626434
In base 2, what is -101 + 10110101000001100111000?
10110101000001100110011
In base 4, what is 20101212 - 20233?
20020313
In base 10, what is -13 - -1371439?
1371426
In base 6, what is -2 - 3114415242?
-3114415244
In base 10, what is 2943766 - -8?
2943774
In base 14, what is -2b6 + -422d?
-4505
In base 11, what is -5485388 + 3?
-5485385
In base 3, what is -11000002121 - 121102111?
-11121112002
In base 12, what is -2 - -2141325?
2141323
In base 15, what is 11 + 191163?
191174
In base 5, what is -340111 - 120?
-340231
In base 9, what is 3123666362 - -4?
3123666366
In base 16, what is -7 + -a5c10?
-a5c17
In base 3, what is -1212101111 - -12112?
-1212011222
In base 10, what is 13433 + 14925?
28358
In base 5, what is 11330412 + 112102?
11443014
In base 9, what is -11210 + 60172?
47862
In base 10, what is -118430 + 38?
-118392
In base 8, what is -101 + -762244?
-762345
In base 4, what is -1133 - 10330323?
-10332122
In base 9, what is 120420 + 25?
120445
In base 8, what is 5 + 306474564?
306474571
In base 14, what is 5 + 198663c?
1986643
In base 4, what is 0 - 3101013303211?
-3101013303211
In base 5, what is -10444 + 330121?
314122
In base 10, what is 11 + 28909910?
28909921
In base 6, what is -101525111200 + -5?
-101525111205
In base 3, what is 101120220221202 + -2?
101120220221200
In base 5, what is 3413 + 141320?
200233
In base 12, what is -7704 + -1a4b?
-9553
In base 12, what is 71a947 + 92?
71aa19
In base 14, what is -4 - -460c31c?
460c318
In base 12, what is 44 + 29b9a0?
29ba24
In base 14, what is -61c50 + c2?
-61b6c
In base 11, what is -64268 - -a42?
-63326
In base 12, what is 2349 + -1802a?
-158a1
In base 7, what is 5 + -112554454?
-112554446
In base 16, what is 3d728 - -21?
3d749
In base 5, what is -13 + -12340100031?
-12340100044
In base 4, what is -12331131133 - 0?
-12331131133
In base 2, what is 10 + 1000010101111111111011110?
1000010101111111111100000
In base 5, what is -10 + 2230423344?
2230423334
In base 14, what is -2db5 - 1a?
-2dd1
In base 11, what is 16 - -26204487?
262044a2
In base 11, wh